n - 82374. Give y(-110).
-1414
Let f(s) = -10*s**2 + 11965*s - 71737. Calculate f(6).
-307
Let n(a) = -a**3 + 21*a**2 + 4588*a - 497. What is n(79)?
-23
Let w(h) = -28504*h - 171064. Give w(-6).
-40
Let k(n) = n**2 + 971*n + 28044. Calculate k(-30).
-186
Let x(a) = -22*a**3 + 132*a**2 - 2366*a + 14184. Determine x(6).
-12
Let m(f) = 5*f**3 + 22*f**2 - 170*f + 1153. Calculate m(7).
2756
Let s(m) = -m**3 + 141*m**2 - 443*m + 104201. Determine s(143).
-46
Let z(y) = -206*y**3 + 145433*y**2 + 2120*y - 1415. Calculate z(706).
-3
Let l(y) = -50102*y + 1102217. What is l(22)?
-27
Let s(j) = -j**3 - 127*j**2 + 282*j + 3086. Give s(-129).
-10
Let o(b) = -710945*b + 4265671. Calculate o(6).
1
Let t(o) = -o**3 + 23*o**2 + 2741*o - 710. Calculate t(65).
5
Let w(b) = -405*b**2 - 5743*b + 159. Determine w(-14).
1181
Let r(a) = 268*a**2 - 3746*a - 73. Give r(14).
11
Let l(w) = -44*w**2 - 3077*w + 56050. Give l(15).
-5
Let p(l) = l**2 - 180*l + 3841. What is p(155)?
-34
Let u(i) = 32*i**3 + 1276*i**2 - 180*i - 1076. Give u(-40).
-276
Let v(m) = -m**3 - 132*m**2 - 3100*m + 3688. Determine v(-101).
557
Let g(b) = -5293*b + 74240. Determine g(14).
138
Let n(v) = -431*v + 20301. Calculate n(47).
44
Let d(i) = -4*i**3 + 77*i**2 + 137*i - 15. Give d(22).
-2325
Let o(q) = -1642*q - 73908. Give o(-45).
-18
Let w(u) = 3*u**2 + 13395*u + 93624. Give w(-7).
6
Let m(i) = -7673*i - 621461. Calculate m(-81).
52
Let s(p) = -104*p + 2495. Determine s(27).
-313
Let q(i) = 7*i**3 - 2978*i**2 - 10731*i + 2565. Calculate q(429).
-9
Let i(d) = 2225*d - 13245. What is i(6)?
105
Let a(y) = -671350*y - 6042149. Calculate a(-9).
1
Let u(p) = 31250*p - 5312492. What is u(170)?
8
Let j(u) = -2*u**2 + 808*u - 20344. Determine j(27).
14
Let w(y) = -y**3 - 24*y**2 - 26*y - 3573. What is w(-26)?
-1545
Let o(j) = -254753*j + 254795. Give o(1).
42
Let b(z) = 14*z**3 + 926*z**2 + 135*z + 197. Determine b(-66).
-1
Let p(t) = 2*t**3 + 20*t**2 + 62*t + 169. Give p(-6).
85
Let u(f) = 2*f**3 - 125*f**2 + 912*f - 245. What is u(54)?
-569
Let g(z) = 4*z**3 + 314*z**2 + 96*z - 4773. Calculate g(-78).
-93
Let g(c) = c**3 + 16*c**2 + 522*c + 7442. Calculate g(-15).
-163
Let g(r) = r**3 - 100*r**2 + 826*r - 541. Determine g(91).
96
Let h(j) = 2612*j + 188065. Give h(-72).
1
Let y(s) = -3*s**2 + 26*s + 5678. Determine y(47).
273
Let w(t) = -2*t**2 - 27695*t - 221407. What is w(-8)?
25
Let y(h) = 3410*h + 1793645. Calculate y(-526).
-15
Let g(h) = 51430*h + 8177348. Determine g(-159).
-22
Let f(t) = -13*t**2 - 2346*t + 7065. Calculate f(3).
-90
Let m(b) = 4*b**3 + 483*b**2 + 849*b + 1952. What is m(-119)?
48
Let j(l) = -36*l + 1086. Give j(-63).
3354
Let c(a) = -17015*a - 16843. Calculate c(-1).
172
Let v(x) = -4040*x - 565563. What is v(-140)?
37
Let d(p) = -p**2 - 142*p - 4055. What is d(-95)?
410
Let o(w) = w**3 - 132*w**2 + 375*w + 1477. Calculate o(129).
-71
Let g(c) = 13938*c + 696948. Give g(-50).
48
Let m(c) = -3*c**3 - 137*c**2 + 548*c - 17. What is m(4)?
-209
Let i(p) = -2027*p + 3994. Determine i(2).
-60
Let w(p) = 2*p**3 + 27*p**2 - 854*p - 12271. Give w(-15).
-136
Let f(w) = w**2 - 1221*w + 17941. Determine f(15).
-149
Let z(a) = 2*a**3 - 183*a**2 + 87*a + 356. Calculate z(91).
-8
Let b(d) = 58*d**2 + 352*d + 60. Calculate b(-6).
36
Let g(k) = 6*k**2 + 373*k - 10981. What is g(-84)?
23
Let v(d) = -d**3 - 80*d**2 + 268*d + 587. Calculate v(-83).
-990
Let b(n) = -5848*n - 23050. Calculate b(-4).
342
Let i(k) = -212*k - 8530. Determine i(-36).
-898
Let q(s) = -s**3 - 4*s**2 - 8442*s - 16879. Determine q(-2).
-3
Let z(j) = -j**2 + 2423*j - 76520. Determine z(32).
-8
Let q(r) = -171719*r - 3434389. Calculate q(-20).
-9
Let h(a) = -1247*a + 281498. Give h(226).
-324
Let z(d) = -7*d**3 - 36*d**2 - 3*d + 30. Determine z(5).
-1760
Let h(y) = y**3 - 337*y**2 + 4595*y + 75676. Determine h(322).
6
Let j(a) = -8*a**2 - 9786*a + 39156. Calculate j(4).
-116
Let d(w) = -789*w**2 - 852*w - 64. Give d(-1).
-1
Let y(b) = b**3 - 6*b**2 - 218*b + 215. Give y(-13).
-162
Let k(y) = y**3 + 58*y**2 + 323*y - 5792. Calculate k(-49).
-10
Let b(o) = o**3 - 223*o**2 - 1180*o + 9093. Determine b(228).
-27
Let y(o) = -2*o**3 - 806*o**2 + 2480*o + 17846. Calculate y(-406).
-18
Let a(s) = 15*s**3 - s**2 - 10*s - 18. Determine a(-3).
-402
Let r(h) = h**3 + 41*h**2 - 815*h + 1361. Calculate r(-56).
-39
Let i(j) = -j**3 - 335*j**2 - 2651*j + 92309. What is i(-326)?
51
Let s(j) = -207*j - 16415. Determine s(-86).
1387
Let p(n) = n**3 - 14*n**2 - 70*n + 1493. Give p(14).
513
Let a(w) = 2*w**3 - 31*w**2 - 64*w + 266. Give a(17).
45
Let s(n) = -2*n**3 + 46*n**2 - 27*n + 98. Give s(23).
-523
Let i(w) = -1686*w - 1680. Calculate i(-1).
6
Let s(l) = -231*l**2 - 3893*l - 9604. Determine s(-3).
-4
Let h(p) = p**2 + 154*p - 9110. Determine h(-184).
-3590
Let q(o) = 2*o**3 - 333*o**2 + 852*o - 5194. Determine q(164).
54
Let z(w) = -1746*w + 53820. Determine z(30).
1440
Let y(m) = m**3 - 284*m**2 + 1392*m + 193. Calculate y(279).
-644
Let w(r) = 3*r**2 - 581*r + 8376. Determine w(178).
10
Let f(k) = 303*k - 3520. Give f(8).
-1096
Let q(p) = -4*p**2 + 117*p - 308. Determine q(4).
96
Let d(o) = -o**3 - 47*o**2 - 758*o + 7906. Give d(7).
-46
Let r(d) = -17103*d - 153958. What is r(-9)?
-31
Let i(x) = x**3 + 32*x**2 - 4035*x - 119498. Determine i(-29).
40
Let d(w) = 222*w - 2045. Determine d(11).
397
Let b(m) = m**3 + 207*m**2 - 838*m + 14. Calculate b(4).
38
Let p(q) = -2*q**3 + 16*q**2 - 27*q - 27. Calculate p(4).
-7
Let c(u) = 3*u**2 - 6812*u - 40901. Calculate c(-6).
79
Let t(o) = 2837*o - 99300. Calculate t(35).
-5
Let p(j) = -348*j**2 - 1392*j + 8. Give p(-4).
8
Let q(d) = -17121*d + 838930. Calculate q(49).
1
Let f(y) = -86*y**2 + 752*y - 1489. Give f(6).
-73
Let g(d) = -562*d + 138693. Give g(247).
-121
Let k(f) = -f**2 - 119*f - 1071. Calculate k(-13).
307
Let h(u) = u**2 - 96*u - 4577. Determine h(131).
8
Let a(v) = v**3 - 8*v**2 - 19*v + 135. Calculate a(7).
-47
Let v(m) = -2*m**3 - 13*m**2 + 807*m + 5619. Calculate v(-7).
19
Let y(o) = -1057*o - 24341. Determine y(-23).
-30
Let j(b) = 182*b + 11183. Determine j(-61).
81
Let b(o) = -117*o**2 + 1259*o + 9. Give b(11).
-299
Let v(j) = 30*j**3 + 1591*j**2 + 49*j - 145. Give v(-53).
67
Let i(a) = 12778*a + 753905. Give i(-59).
3
Let z(u) = u**3 - 18*u**2 - 436*u + 7664. Calculate z(22).
8
Let s(t) = 4193*t + 146533. Calculate s(-35).
-222
Let x(p) = -31134*p + 186795. Give x(6).
-9
Let s(k) = 213*k - 11034. What is s(54)?
468
Let y(j) = j**3 - 69*j**2 + 206*j - 296. Determine y(66).
232
Let i(y) = y**3 + 423*y**2 - 6133*y - 6559. Give i(-437).
-4
Let c(s) = 5*s**3 - 88*s**2 - 82*s - 1029. Calculate c(19).
-60
Let t(j) = 4234*j - 15143. What is t(4)?
1793
Let t(l) = -94*l - 842. Calculate t(-16).
662
Let f(v) = 2661*v + 9013. What is f(-4)?
-1631
Let q(y) = -1212*y + 61736. Determine q(51).
-76
Let l(m) = 53*m - 434. What is l(21)?
679
Let o(a) = 2*a**3 - 2410*a**2 + 11558*a + 530402. Calculate o(1200).
2
Let v(k) = 3*k**3 - 194*k**2 + 1434*k - 2826. What is v(4)?
-2
Let s(a) = 2*a**3 + 48*a**2 + 142*a - 297. Calculate s(-20).
63
Let u(q) = -2*q**2 + 23373*q - 536537. What is u(23)?
-16
Let u(k) = k**2 + 257*k - 7993. Give u(29).
301
Let q(i) = 142449*i - 1282044. Give q(9).
-3
Let o(j) = -4*j**3 - 197*j**2 - 297*j + 237. Calculate o(-48).
2973
Let b(q) = 1940949*q + 7763796. Determine b(-4).
0
Let q(v) = v**3 + 36*v**2 - 307*v - 876. Give q(9).
6
Let l(h) = 9*h**2 + 404*h + 706. What is l(-43)?
-25
Let t(j) = 1253*j**2 + 151641*j + 3392. What is t(-121)?
4
Let a(k) = k**3 - 253*k**2 + 4996*k + 19822. Give a(231).
-44
Let b(j) = 70*j + 4328. Determine b(-53).
618
Let p(u) = -136*u**3 + 1120*u**2 - 256*u - 4. Determine p(8).
-4
Let u(o) = -2*o**2 + 68*o + 31. Determine u(48).
-1313
Let f(g) = -823*g**2 + 2042*g + 7. Calculate f(2).
799
Let o(w) = w**2 - 133*w + 659. What is o(127)?
-103
Let z(f) = -2*f**3 - 187*f**2 + 143*f + 4574. What is z(-94)?
-32
Let t(u) = -2*u**2 + 107*u - 468. What is t(19)?
843
Let u(l) = -1944*l - 373191. Calculate u(-192).
57
Let z(l) = -l**3 + 414*l**2 - 2859*l + 2468. Calculate z(6).
2
Let x(b) = -8*b**2 + 52107*b + 104214. Calculate x(-2).
-32
Let q(i) = -4*i**2 + 66*i + 10189. Determine q(60).
-251
Let d(q) = -436*q**3 - 111*q**2 - 24*q + 23. Calculate